/(s/(-30))?
6
Let c(u) = u + 25. What is the units digit of c(-6)?
9
Let p(d) be the third derivative of -d**5/20 + d**4/8 - d**3/6 + 3*d**2. Let s be p(2). Let f = 19 + s. What is the tens digit of f?
1
Suppose -2*u - v + 0 = 3, -2*u + 3*v + 1 = 0. Let l be u - (2 - 1/1). Let d(f) = 3*f**2 - 2. What is the tens digit of d(l)?
1
Suppose -4*v = v - 190. What is the tens digit of v?
3
Suppose h = 8*h - 385. What is the units digit of h?
5
Let a(l) = -6*l**2. Let p be a(-1). Let u(i) = i**2 + 3*i - 1. What is the tens digit of u(p)?
1
Let u(f) = 70*f**3 - f**2 - 2*f + 2. What is the tens digit of u(1)?
6
Let w be 2/7 + (-368)/14. Let s = 36 + w. What is the units digit of 1*(s + -2 + -2)?
6
What is the units digit of 1/(-4) + 1000/32?
1
Let f(b) = -b**2 - b + 3. Let u be f(0). Suppose 0 = 4*o - 1 + 13, o + u = 5*w. What is the units digit of w - -1 - 16/(-2)?
9
Let t be 6*(16/(-6))/(-4). Suppose -t*g - 64 + 240 = 0. What is the tens digit of g?
4
Suppose 3*r - 13 = -40. Let p = -6 - r. Let z = 1 + p. What is the units digit of z?
4
Suppose -4*l + 0*l + 5*i = -82, l - 20 = i. Suppose -l = -q - 0*q. Let s = 29 - q. What is the units digit of s?
1
Suppose 0*f = -5*f + 545. What is the tens digit of f?
0
Let p(v) = 14*v**2 - v + 1. Let x = -8 + 9. What is the units digit of p(x)?
4
What is the units digit of 87/6 - (12/(-8) + 0)?
6
Suppose j = 6*j - 65. What is the tens digit of j?
1
Let q(c) = -5 - 2*c - 2 + c**2 + 1. What is the tens digit of q(6)?
1
Let s = -3 - -15. What is the tens digit of s?
1
Let c(a) = -5*a**3 - 12*a**2 - 5*a. Let t(o) = -o**3 - o**2 - o - 1. Let p(z) = c(z) - 4*t(z). What is the tens digit of p(-8)?
1
Suppose -2*n = 3*q - 476, 4*q = -9 + 17. What is the hundreds digit of n?
2
Let b(g) = -g**2 - 6*g - 2. Let m be b(-6). Let t = 0 + m. Let f = 0 - t. What is the units digit of f?
2
Let b(p) = p**3 - 11*p**2 + 9*p + 12. Let n be b(10). What is the units digit of (-1)/n*(0 + -48)?
4
Let j = 46 - 13. Suppose 32 = 5*y - j. What is the tens digit of y?
1
Let o = -55 + 199. What is the units digit of o?
4
Let r(a) = 2*a**2 + 4*a - 2. Let z(m) = 3*m - 1. Let f be z(-1). What is the units digit of r(f)?
4
Suppose 5*c = -4*i + 15, -c - 2 = -i - 4*c. Suppose 3 = i*n - 7. Suppose -10 = -n*b + 10. What is the tens digit of b?
1
Let d = 15 - 11. Suppose d*v - 9 = 39. What is the tens digit of v?
1
Let f = -169 - -494. What is the hundreds digit of f?
3
Suppose 0 = -7*l + 4*l + 9. Suppose 2*k - 20 = -l*k. Suppose -3*h + 33 = k*j, -5 = -3*j + 4. What is the units digit of h?
7
Suppose 27 - 69 = 3*y + 2*b, -4*b - 70 = 5*y. Let m = 9 + y. Let t = m + 6. What is the units digit of t?
1
Suppose -4*s + 147 = 3*c, 0 = -5*s - c + 70 + 111. What is the tens digit of s?
3
Let p(k) = -5*k - 2. Let a be (-16)/(-20)*5/(-2). What is the units digit of p(a)?
8
Suppose 4*w + 4*i = 8, -3 - 2 = -5*i. Let z(d) be the second derivative of 9*d**5/20 + d**4/12 + d. What is the units digit of z(w)?
0
Let z = 3 - 1. Suppose 0 = -2*h - 3*j - 1, 2 = -z*h - 0*h - 4*j. What is the units digit of h?
1
Let r(y) = -6*y**2 - y + 4. Let j be r(-3). Let u = 33 + j. Let t = -9 - u. What is the units digit of t?
5
Suppose 2*y + 554 = 3*j + j, 0 = 3*j - 3*y - 411. What is the units digit of j?
0
Let f(m) = 2*m**2 + 2*m + 1. Suppose -2 = 5*b + 3. Let c be f(b). Suppose 7 = 3*r + c. What is the units digit of r?
2
Let w = -7 + 26. Suppose -3*h + 2*i + w = -0*i, 3*i - 21 = -h. What is the units digit of h?
9
Let g be (3 - 4) + -1 - -83. Suppose -5*o = 4*t + g - 209, 0 = -5*o + 4*t + 112. Suppose -4*z + 60 = -o. What is the tens digit of z?
2
Let v = -3 - -5. Suppose v*o - 2 = -0*o. What is the units digit of o?
1
Suppose -5*l = -3*d - 51 - 102, -2*d + 28 = l. What is the units digit of l?
0
Let o(q) = 1. Let y(z) = 4*z - 4. Let j(m) = -8*o(m) + y(m). What is the tens digit of j(16)?
5
Let r be (-3)/(-6) + 1/(-2). Let a = r - -7. What is the units digit of a?
7
Suppose 318 - 998 = 4*p. What is the units digit of p/(-6) - 10/(-15)?
9
Let m = 490 + -262. What is the units digit of m?
8
Suppose -i = i, 5*v + 5*i = 15. Suppose u = -v*u + 4*c + 64, 0 = 5*u - c - 88. What is the tens digit of u?
1
Let j(a) = 5*a - 22. What is the tens digit of j(15)?
5
Let d = 57 - 30. What is the tens digit of d?
2
Suppose 3*u = -5 - 1. Let i(f) = -2*f**2 - 3*f - 2. Let z be i(u). What is the units digit of (-2)/z - 52/(-8)?
7
Let q(n) = -4*n - 1. Let k(m) = -2*m - 1. Let y(g) = -5*k(g) + 2*q(g). Let h be y(-5). What is the units digit of (-40)/(-7) + (-2)/h?
6
Let j(w) be the first derivative of w**3/3 + 2*w**2 - 4*w - 1. Suppose -t + 2 - 19 = 3*c, -2*c - t = 12. What is the units digit of j(c)?
1
Let v(o) = -o**2 - 11*o + 2. What is the units digit of v(-11)?
2
Let y be ((-8)/3)/((-4)/6). Suppose -b + 22 = 2*d + 3*b, -y*b = 16. What is the units digit of d?
9
Let x(i) = 10*i + 12. Let g be x(-8). Let z be g/(-7) - (-2)/7. Let h = -5 + z. What is the units digit of h?
5
Let d be (1 + 1)*(-18)/4. Let f(y) = -y + 13. What is the units digit of f(d)?
2
Let m(k) = -k**2 + 12*k + 1. What is the units digit of m(12)?
1
Let k(h) = 3*h - 13 - 3 - 7. What is the units digit of k(16)?
5
Let i = 257 - 113. What is the tens digit of i?
4
Suppose 0 = 2*f - 4*j - 302, f - 159 = -3*j + 7*j. What is the hundreds digit of f?
1
Let g(u) = u**2 - 2*u - 5. Let b be g(4). Let i(t) = 9*t - 2. Let w be i(b). What is the units digit of 15/(-2)*(-30)/w?
9
Let w = -8 - -11. Let k be w - ((1 - -1) + 0). Let n = 4 + k. What is the units digit of n?
5
Let x be 3 + (2 - 3)*3. Suppose 2 = -x*s + s. What is the units digit of s?
2
Let a = 263 + -3. What is the units digit of a?
0
Suppose -7*d + 40 + 2 = 0. Let o = d - -9. What is the units digit of o?
5
Let q = -18 + 7. Let s = -8 - q. What is the units digit of s?
3
Suppose 0 = -3*g + 15, m - 25 = 4*g + 12. Let i = m - 16. What is the tens digit of i?
4
Let z(q) = q**2 + 4*q - 8. Let d(b) = b**2 - b. Let a(h) = 5*h**3 - 2*h**2 + 2*h - 1. Let w(c) = a(c) + 2*d(c). Let s be w(-1). What is the units digit of z(s)?
4
Suppose -l - 3*u = -71, 208 = 5*l - 4*u - 52. What is the units digit of l?
6
Let j = -4 + 6. Suppose -j*t - 4 = -100. Suppose -2*x = 2*x - t. What is the units digit of x?
2
Let y(s) = -s**3 - 3*s**2 - 4. Let u be y(-3). Let d = u + 6. Suppose 0 = -k - d*k + 24. What is the units digit of k?
8
Let z = -31 - -44. What is the tens digit of z?
1
Let c be 37/1 + -9 + 7. Let q be (c/(-10))/((-2)/(-8)). What is the units digit of ((-7)/q)/(1/10)?
5
Let s(l) = l - l**2 - 6*l**3 + 3*l**3 + 0*l**3. Let m be 6/21 + (-16)/7. What is the units digit of s(m)?
8
Let p = -70 + 124. What is the units digit of p?
4
Suppose -95 = -2*d + u, -u - 86 = -2*d + 3*u. What is the tens digit of d?
4
Suppose 0*c + 1183 = 7*c. What is the hundreds digit of c?
1
Let k = 11 + 27. Suppose -2*l - 2*l - w + 64 = 0, 0 = -2*l - 2*w + k. What is the tens digit of l?
1
What is the units digit of 2/6*3*3?
3
Let k(q) = q**2 - 10*q + 7. Let n be (-1 + 5)*(-54)/(-24). Let c be k(n). What is the units digit of 91/35 + c/(-5)?
3
Suppose -3*n = -2*u - 172, -4*u + 5*u = -n + 49. What is the tens digit of n?
5
Suppose 0 = i - 4*o + 18, -5*o + 21 + 12 = 4*i. Suppose 0 = i*w + 4*g - 20, w + 14 = -2*w + 5*g. Suppose w*l = 6*l - 44. What is the units digit of l?
1
Suppose -4*a = -0*a + 20. Let i be 3/6*-2 + -2. What is the tens digit of a/(-2*i/(-12))?
1
Let l be (-172)/(-6)*(-6 - 0). Let q = l - -67. What is the units digit of q/(-18) + 1/6?
6
Let g(d) = -d**3 - 5*d**2 + d + 4. Let r be g(-5). Let c be (-99)/(-36) - r/4. Suppose -4*a = -5*s - 1, -c + 6 = s. What is the units digit of a?
4
Let z(d) = 0 - 11*d**2 + 3*d**2 - 6 + d**3 + 10*d - d. What is the units digit of z(7)?
8
What is the units digit of 1/(63/61 - 1)*4?
2
Let o = 26 - 38. What is the units digit of (12/(-9))/(4/o)?
4
Let x(h) = 7*h**2 - 25*h + 3. Let i(y) = 3*y**2 - 12*y + 1. Let l(z) = -5*i(z) + 2*x(z). What is the units digit of l(8)?
7
Suppose -2 = g - 4. Suppose g*s - 27 = -q + 2*q, 4*q = -20. What is the tens digit of s?
1
Let g(y) = -y**3 - 5*y**2 + 4*y + 1. Suppose 0 = -2*l + l - 9. Let w be (-24)/l*18/(-8). What is the units digit of g(w)?
3
Suppose -2*j + 12 = -0*j. Suppose 5*t + 21 = 1. Let b = t + j. What is the units digit of b?
2
Supp